se -4*k - 145 = -c*k. What is the tens digit of k?
2
Suppose -5*w = 65*w - 38430. What is the tens digit of w?
4
Suppose q = 10 - 2. Suppose -2*l + 2 = -q. Suppose 0 = -w + l*w - 160. What is the tens digit of w?
4
Let w = -49 - -48. What is the units digit of 9/(3/12 + w/8)?
2
Let f = 332 - 205. What is the tens digit of f?
2
Suppose -2*y - 4 = 0, -2*y + 37 = 4*n + 5. Suppose -2*u - l + 0 = -18, u + 5*l - n = 0. What is the units digit of 106/u - (-2)/9?
2
Suppose z = -131 + 147. Let c(u) = -u**2 + 13*u + 53. What is the units digit of c(z)?
5
Let u = -8 + 17. Let j(f) = 2*f**2 - 14*f + 22. What is the units digit of j(u)?
8
Suppose 5*t - 62 = 2*z, -4*t + 2*z + 26 = -24. Let y(u) = 2*u + 6. Let r be y(-24). What is the tens digit of 1338/21 - t/r?
6
Let k(d) = -117*d + 164. What is the units digit of k(-5)?
9
Suppose -5*h = t - 3*t - 15, -2*t + 3 = h. What is the tens digit of 2/4*-897*(-2)/h?
9
Let k(s) = s - 6. Let c(p) = -18*p - 1. Let w be c(-1). What is the units digit of k(w)?
1
Suppose -4*q = 62 - 10. Let y(f) = -6*f + 14. What is the units digit of y(q)?
2
Let n(a) = 2*a - 26. Let p be n(19). Suppose 0 = p*u - 10*u - 506. What is the tens digit of u?
5
Suppose 4*n - n - 12 = 0. Suppose 0*d - n = -d. Let s(b) = 2*b**2 - 4*b - 5. What is the tens digit of s(d)?
1
Suppose 3*f - 5*r = -26 + 4, 4*f + r = 9. What is the tens digit of f/((14/500)/7)?
5
Suppose 0 = -18*r + 17*r + 9. Suppose 3 - r = -3*s. Suppose a = -2*k + 43, s*k - 153 + 11 = -4*a. What is the tens digit of a?
3
Suppose -38*r + 30657 = -81101. What is the tens digit of r?
4
Suppose 4*h - 1 - 43 = 0. Suppose -7*c + 53 = -3*c + r, c + r - h = 0. What is the units digit of c?
4
Let t(j) = 4*j**2 - j. Suppose -3*n = 2*n + 15. What is the units digit of t(n)?
9
What is the hundreds digit of (181 - 183)/(2 - 2018/1008)?
0
Let o be 12/9*(3 + 0). Suppose -12 = -4*y + 2*v, -8 = -y + o*v + 2. What is the units digit of (y/4)/(2/20)?
5
Let x(a) = -a**3 + 7*a**2 + 13*a - 14. Let m be (-6)/15*5*-4. What is the units digit of x(m)?
6
Let f(q) = -8*q**3 - 25*q**2 - 16*q + 2. Let j(d) = 7*d**3 + 24*d**2 + 15*d - 2. Let m(h) = 6*f(h) + 7*j(h). What is the hundreds digit of m(-17)?
1
Suppose i + 171 = 2*i. Let v = -105 + i. What is the units digit of v?
6
Let g(p) = -5*p - 1. Let c be g(-2). What is the tens digit of c/(-27)*297/(-3)?
3
Let j be 1158/14 + (-2)/(-7). Suppose 0 = o + j - 11. Let g = -45 - o. What is the units digit of g?
7
Suppose -4*w + 3*i = 6, 3*i + 0*i - 6 = w. Suppose 5*n + 4 = -4*t - w*t, 4*n + 1 = -t. Suppose n = h - 21. What is the units digit of h?
1
What is the tens digit of -1*((7 - 40) + 4)?
2
Let d = 519 - -193. Suppose -k - d = -3*k. What is the tens digit of k?
5
Let u = -817 - -579. Let b = 433 + u. What is the hundreds digit of b?
1
Let x = -39 + 39. Suppose 0 = -b - 2*b + 5*r + 301, 5*b - 3*r - 491 = x. What is the units digit of b?
7
Let c = 17 - 22. Let q(h) = 2*h - 1. Let t(d) = -2*d + 2. Let o(x) = c*q(x) - 6*t(x). What is the units digit of o(6)?
5
Let n be (108/(-14))/((-2)/14). Suppose -k + 4*k = n. What is the units digit of (k/(-12))/(6/(-8))?
2
Suppose -4*d - 306 = -7*d. Suppose -d - 158 = -10*h. What is the tens digit of h?
2
Suppose 0 = -2*f + u + 15, u + 4 = f - 6. Suppose 5*i - i - 3*k = 183, 0 = f*i - 5*k - 225. What is the units digit of i?
8
Let g = 227 + -134. Suppose -f + g = 3*i - 252, -5*f + 1653 = -3*i. What is the tens digit of f?
3
What is the units digit of (0 - 57*-4)/2?
4
Let o(z) = 38*z**2 + 19*z - 87. What is the units digit of o(-9)?
0
Let u = 616 + -461. What is the tens digit of u?
5
Let q(b) = 14*b**2 + 21*b - 76. What is the hundreds digit of q(5)?
3
Let v(f) = f**3 - 17*f**2 - 2*f + 30. Let y be v(17). Let w(s) = -3*s**3 + 2*s. What is the units digit of w(y)?
4
Let d be (-12)/(-4) + (5 - 2). Suppose d*a = 2*a + 824. What is the units digit of a?
6
Let g = 1 + -8. Let n(d) be the second derivative of -d**5/20 - 2*d**4/3 - 7*d**3/6 + 9*d**2/2 - 158*d. What is the units digit of n(g)?
9
Suppose -c - 3673 = -5*f + 6041, -f - 4*c = -1926. What is the tens digit of f?
4
Suppose 2*l - l = 5*w - 1580, -316 = -w - 4*l. What is the hundreds digit of w?
3
Let g = -167 - -397. What is the tens digit of g?
3
Let y(f) = -3*f - 18. Let a be y(-7). Suppose -8 = 4*q, -691 = -a*x + 10*q - 8*q. What is the hundreds digit of x?
2
Suppose -5*o + 1404 = 2*i, -3*o - 4*i - 292 + 1126 = 0. What is the units digit of o?
2
Let w(f) = -f**3 - 7*f**2 + 10*f + 18. Let v be (-9)/((-12)/3 - -5). What is the units digit of w(v)?
0
Suppose 795 = 4*r + 2*f - 3*f, 3*f = -9. Let a = -112 + r. What is the units digit of a?
6
Let v(c) = c**3 - 5*c**2 - 6*c + 13. What is the tens digit of v(11)?
7
Let i(x) = x**2 + 3*x - 14. Let b be i(-6). Let l = 2 + b. What is the units digit of 95/7 - l/(-14)?
4
Let y = -6486 + 11102. What is the tens digit of y?
1
What is the tens digit of ((-114)/(-76))/(6/4028)?
0
Let i(g) = -3*g**3 + g**2 - 3*g. Let u be i(4). Let j = u + 372. What is the tens digit of j?
8
Let q = 556 + 775. What is the thousands digit of q?
1
Suppose 4*g = 28 + 44. Let p = g - 13. Suppose p*a = -6 + 161. What is the tens digit of a?
3
Let y = -5 + -1. Let g(s) = -s**3 - 5*s**2 + 3*s + 1. Let v be g(y). What is the units digit of (v/4)/(3/12)?
9
Let v(q) = -8*q + 71. Let l be v(-7). Let y(z) = 4*z**2 - z. Let u be y(-1). Suppose u*m + t = l, 3*m + 2 = 5*t + 67. What is the units digit of m?
5
Let a = -76 + 46. Suppose -3*j - 2*h = 2*j + 261, -3*j - 159 = 2*h. Let w = a - j. What is the units digit of w?
1
Let q be 28/10 + -3*(-1)/15. Suppose -2*c + 425 = 3*f, -q*f - 4*c + 0*c = -433. What is the tens digit of f?
3
Let k(u) = u**3 - 3*u**2 - 5. Let g be k(3). Let j = g + 8. Suppose j*h - 15 = 5*w + 33, -5*h + w + 58 = 0. What is the tens digit of h?
1
Let d be 741 - (-6 - (-5 - 0)). Suppose r - 351 = -r - 5*l, 0 = -4*r - 2*l + d. What is the tens digit of r?
8
Let z(f) = -2*f + 14. Let k be z(6). Suppose 5*l + 19 = 2*x, 4*l + 6 + k = -2*x. What is the tens digit of 219/9 + x/3?
2
Let x(n) = 2*n - 4*n + 0*n + 4 - 1. Let g be 12/(3/2 - 3). What is the tens digit of x(g)?
1
Suppose 4*r + 30 = -142. Let q = r + 69. What is the tens digit of 6/39 + 542/q?
2
Let c(p) = 116*p - 45. What is the tens digit of c(2)?
8
What is the tens digit of (-29502)/(-21) - (-90)/(-105)?
0
Let t be 1*(4 + 0) - 4. Suppose o - 35 - 18 = t. What is the units digit of o?
3
Let t be (-10)/5 + (1 - -1). Suppose t = g + 2, -7*p + 2*p - g + 8 = 0. Suppose -144 = -p*v - v. What is the units digit of v?
8
Let t be ((2/(-6))/1)/(5/(-3015)). Let c = -58 + t. What is the tens digit of c?
4
Suppose -l - 3 = -4*x - 5, 3*x + 10 = 5*l. Suppose l*j - 22 + 18 = 0. What is the units digit of j?
2
Suppose -10 = 2*n, 2*k + n + n - 724 = 0. What is the hundreds digit of k?
3
Suppose 32*r - 3472 = 18*r. What is the tens digit of r?
4
Let y be (-3 - 55/(-15)) + 2/6. Let k(b) = 42*b. What is the tens digit of k(y)?
4
Suppose 6*u = 7*u - 12. Suppose -16 = b + h + 2, u = -b + h. Let a = b - -20. What is the units digit of a?
5
Let q = -118 + 236. What is the tens digit of q?
1
Suppose -4*x + 228 = -356. Let j = x + -74. What is the tens digit of j?
7
Let n(r) = r**3 + 13*r**2 - 13*r - 24. Let w be n(-14). Let a = w - -94. What is the tens digit of a?
5
Let u(f) = -f**3 + f**2. Let y be u(1). Suppose 2*x + c - 70 = 0, 0 = -4*x - y*c + 3*c + 130. What is the tens digit of x?
3
Let f(q) = -q**3 + 11*q**2 - 12*q + 4. Let z(m) = -m**3 + 7*m**2 + 9*m. Let t be z(8). What is the tens digit of f(t)?
0
What is the hundreds digit of 22/(-55)*-15 + 2691?
6
Suppose -503 = -40*c + 417. What is the units digit of c?
3
Let h(v) = 38*v**2 - 8*v - 3. What is the thousands digit of h(6)?
1
Let l = 25 - 1. Suppose o = -0*o + 4*s - 8, l = 5*o - 4*s. What is the units digit of -2*((-132)/o - 4)?
1
Let a(g) = 88*g + 6 - 42*g - 12*g**3 + g**2 - 44*g. What is the hundreds digit of a(-2)?
1
Let u = 4987 - 2937. What is the thousands digit of u?
2
Let k(z) = -2*z + 12. Let a be k(9). Let s(q) be the first derivative of -q**4/4 - 2*q**3 + 8*q + 1. What is the units digit of s(a)?
8
Let a(k) = -6 - 3 + 1 + k + 2*k**2. Let g(c) = -1. Let x(w) = a(w) - 4*g(w). What is the tens digit of x(4)?
3
Let u = -4023 - -5809. What is the ten